 units digit of 12030?
0
What is the tens digit of 4621?
2
What is the tens digit of 1270?
7
What is the thousands digit of 5305?
5
What is the tens digit of 27?
2
What is the hundreds digit of 2867?
8
What is the units digit of 3295?
5
What is the hundreds digit of 64594?
5
What is the units digit of 3190?
0
What is the tens digit of 108?
0
What is the hundreds digit of 889?
8
What is the thousands digit of 17107?
7
What is the hundreds digit of 80069?
0
What is the units digit of 6380?
0
What is the units digit of 27109?
9
What is the units digit of 4348?
8
What is the units digit of 6011?
1
What is the units digit of 965?
5
What is the tens digit of 7986?
8
What is the ten thousands digit of 19332?
1
What is the tens digit of 245?
4
What is the units digit of 9731?
1
What is the units digit of 1063?
3
What is the tens digit of 11551?
5
What is the thousands digit of 9971?
9
What is the hundreds digit of 198?
1
What is the tens digit of 37?
3
What is the hundreds digit of 1346?
3
What is the units digit of 666?
6
What is the tens digit of 1001?
0
What is the hundreds digit of 2699?
6
What is the ten thousands digit of 23508?
2
What is the tens digit of 24845?
4
What is the hundreds digit of 18255?
2
What is the hundreds digit of 42616?
6
What is the hundreds digit of 14611?
6
What is the units digit of 2989?
9
What is the units digit of 360?
0
What is the tens digit of 4835?
3
What is the hundreds digit of 3136?
1
What is the thousands digit of 1193?
1
What is the units digit of 1091?
1
What is the thousands digit of 1192?
1
What is the thousands digit of 2695?
2
What is the thousands digit of 7835?
7
What is the units digit of 23699?
9
What is the thousands digit of 1538?
1
What is the hundreds digit of 5383?
3
What is the tens digit of 129?
2
What is the units digit of 898?
8
What is the thousands digit of 8843?
8
What is the hundreds digit of 12272?
2
What is the tens digit of 10654?
5
What is the hundreds digit of 2179?
1
What is the ten thousands digit of 48265?
4
What is the hundreds digit of 1088?
0
What is the tens digit of 210?
1
What is the tens digit of 18901?
0
What is the tens digit of 1085?
8
What is the tens digit of 5840?
4
What is the tens digit of 1204?
0
What is the hundreds digit of 3221?
2
What is the hundreds digit of 55436?
4
What is the tens digit of 729?
2
What is the hundreds digit of 8436?
4
What is the units digit of 3437?
7
What is the tens digit of 12553?
5
What is the hundreds digit of 798?
7
What is the hundreds digit of 469?
4
What is the thousands digit of 4233?
4
What is the thousands digit of 1339?
1
What is the thousands digit of 5811?
5
What is the tens digit of 5968?
6
What is the units digit of 1287?
7
What is the units digit of 3402?
2
What is the units digit of 3001?
1
What is the thousands digit of 8521?
8
What is the tens digit of 31506?
0
What is the tens digit of 1116?
1
What is the ten thousands digit of 73939?
7
What is the units digit of 18261?
1
What is the units digit of 1158?
8
What is the hundreds digit of 10562?
5
What is the hundreds digit of 510?
5
What is the hundreds digit of 3975?
9
What is the units digit of 4879?
9
What is the hundreds digit of 5415?
4
What is the hundreds digit of 1529?
5
What is the thousands digit of 6635?
6
What is the hundreds digit of 3218?
2
What is the thousands digit of 5705?
5
What is the units digit of 1479?
9
What is the thousands digit of 4508?
4
What is the units digit of 1669?
9
What is the tens digit of 991?
9
What is the thousands digit of 38908?
8
What is the thousands digit of 102470?
2
What is the units digit of 42241?
1
What is the hundreds digit of 10617?
6
What is the units digit of 2117?
7
What is the hundreds digit of 194919?
9
What is the ten thousands digit of 12219?
1
What is the tens digit of 13574?
7
What is the tens digit of 53642?
4
What is the tens digit of 812?
1
What is the units digit of 613?
3
What is the ten thousands digit of 22486?
2
What is the units digit of 287?
7
What is the ten thousands digit of 26717?
2
What is the thousands digit of 7305?
7
What is the thousands digit of 6612?
6
What is the hundreds digit of 1905?
9
What is the hundreds digit of 2012?
0
What is the hundreds digit of 975?
9
What is the ten thousands digit of 21497?
2
What is the thousands digit of 7791?
7
What is the thousands digit of 32027?
2
What is the tens digit of 27223?
2
What is the units digit of 106835?
5
What is the hundreds digit of 21538?
5
What is the thousands digit of 2282?
2
What is the units digit of 7809?
9
What is the tens digit of 207?
0
What is the tens digit of 1371?
7
What is the hundreds digit of 52567?
5
What is the units digit of 835?
5
What is the thousands digit of 78155?
8
What is the ten thousands digit of 69528?
6
What is the hundreds digit of 2410?
4
What is the hundreds digit of 4029?
0
What is the units digit of 1475?
5
What is the thousands digit of 12668?
2
What is the hundreds digit of 553?
5
What is the hundreds digit of 597?
5
What is the tens digit of 2230?
3
What is the thousands digit of 2098?
2
What is the tens digit of 11970?
7
What is the tens digit of 72026?
2
What is the hundreds digit of 201?
2
What is the tens digit of 3588?
8
What is the units digit of 280?
0
What is the hundreds digit of 8252?
2
What is the tens digit of 1054?
5
What is the hundreds digit of 13069?
0
What is the thousands digit of 2740?
2
What is the hundreds digit of 2996?
9
What is the hundreds digit of 342?
3
What is the hundreds digit of 10383?
3
What is the tens digit of 5780?
8
What is the thousands digit of 11090?
1
What is the ten thousands digit of 40324?
4
What is the thousands digit of 21889?
1
What is the tens digit of 3941?
4
What is the units digit of 573?
3
What is the tens digit of 4808?
0
What is the thousands digit of 97073?
7
What is the hundreds digit of 271?
2
What is the thousands digit of 37204?
7
What is the tens digit of 87?
8
What is the units digit of 16670?
0
What is the units digit of 3377?
7
What is the hundreds digit of 12417?
4
What is the units digit of 3253?
3
What is the ten thousands digit of 93506?
9
What is the hundreds digit of 8890?
8
What is the hundreds digit of 954?
9
What is the thousands digit of 71230?
1
What is the hundreds digit of 15706?
7
What is the hundreds digit of 9752?
7
What is the units digit of 43799?
9
What is the units digit of 11480?
0
What is the ten thousands digit of 15617?
1
What is the thousands digit of 4840?
4
What is the hundreds digit of 3608?
6
What is the hundreds digit of 5032?
0
What is the hundreds digit of 684?
6
What is the tens digit of 27675?
7
What is the units digit of 2198?
8
What is the thousands digit of 58970?
8
What is the thousands digit of 103477?
3
What is the thousands digit of 6481?
6
What is the hundreds digit of 4648?
6
What is the tens digit of 220?
2
What is the units digit of 557?
7
What is the units digit of 8378?
8
What is the units digit of 1015?
5
What is the hundreds digit of 3025?
0
What is the hundreds digit of 17653?
6
What is the hundreds digit of 214?
2
What is the hundreds digit of 817?
8
What is the thousands digit of 15548?
5
What is the thousands digit of 27412?
7
What is the thousands digit of 16552?
6
What is the hundreds digit of 4718?
7
What is the units digit of 1787?
7
What is the hundreds digit of 1629?
6
What is the hundreds digit of 5767?
7
What is the hundreds digit of 13873?
8
What is the tens digit of 926?
2
What is the tens digit of 78?
7
What is the units digit of 86330?
0
What is the tens digit of 63265?
6
What is the hundreds digit of 213?
2
What is the tens digit of 83610?
1
What is the thousands digit of 3826?
3
What is the thousands digit of 16779?
6
What is the units digit of 10549?
9
What is the hundreds digit of 203?
2
What is the units digit of 116959?
9
What is the units digit of 2889?
9
What is the ten thousands digit of 94651?
9
What is the units digit of 12848?
8
What is the hundreds digit of 5147?
1
What is the hundreds digit of 1634?
6
What is the tens digit of 9407?
0
What is the hundreds digit of 100?
1
What is the thousands digit of 3199?
3
What is the units digit of 20192?
2
What is the tens digit of 44339?
3
What is the hundreds digit of 8242?
2
What is the thousands digit of 6727?
6
What